{"id":149,"date":"2015-09-03T14:27:42","date_gmt":"2015-09-03T12:27:42","guid":{"rendered":"http:\/\/verlagsgeschichte.murrayhall.com\/?page_id=149"},"modified":"2018-01-03T12:08:30","modified_gmt":"2018-01-03T10:08:30","slug":"band-ii","status":"publish","type":"page","link":"http:\/\/verlagsgeschichte.murrayhall.com\/?page_id=149","title":{"rendered":"Band 2"},"content":{"rendered":"<h3 style=\"padding-left: 30px;\">\u00d6sterreichische Verlagsgeschichte 1918 \u2013 1938<br \/>\nBand 2: Belletristische Verlage der Ersten Republik<\/h3>\n<h5><\/h5>\n<ul class=\"menu\">\n<li class=\"item72\"><a href=\"http:\/\/verlagsgeschichte.murrayhall.com\/?page_id=152\">Hinweise f\u00fcr den Ben\u00fctzer<\/a><\/li>\n<li class=\"item73\"><a href=\"http:\/\/verlagsgeschichte.murrayhall.com\/?page_id=158\">Abk\u00fcrzungen<\/a><\/li>\n<\/ul>\n<h6><\/h6>\n<h4 style=\"padding-left: 30px;\">A<\/h4>\n<ul class=\"menu\">\n<li class=\"item74\"><a href=\"http:\/\/verlagsgeschichte.murrayhall.com\/?page_id=164\">Amalthea-Verlag<\/a><\/li>\n<li class=\"item75\"><a href=\"http:\/\/verlagsgeschichte.murrayhall.com\/?page_id=170\">Amonesta-Verlag<\/a><\/li>\n<li class=\"item78\"><a href=\"http:\/\/verlagsgeschichte.murrayhall.com\/?page_id=180\">Anzengruber-Verlag Br\u00fcder Suschitzky<\/a><\/li>\n<li class=\"item79\"><a href=\"http:\/\/verlagsgeschichte.murrayhall.com\/?page_id=184\">Atlantischer Verlag<\/a><\/li>\n<li class=\"item80\"><a href=\"http:\/\/verlagsgeschichte.murrayhall.com\/?page_id=189\">Augarten-Verlag Stephan Szabo<\/a><\/li>\n<li class=\"item81\"><a href=\"http:\/\/verlagsgeschichte.murrayhall.com\/?page_id=194\">Avalun-Verlag<\/a><\/li>\n<\/ul>\n<h4 style=\"padding-left: 30px;\">B<\/h4>\n<ul class=\"menu\">\n<li class=\"item82\"><a href=\"http:\/\/verlagsgeschichte.murrayhall.com\/?page_id=199\">C. Barth Verlag<\/a><\/li>\n<li class=\"item83\"><a href=\"http:\/\/verlagsgeschichte.murrayhall.com\/?page_id=205\">Bastei-Verlag<\/a><\/li>\n<li class=\"item84\"><a href=\"http:\/\/verlagsgeschichte.murrayhall.com\/?page_id=210\">Verlag &#8222;Das Bergland-Buch&#8220;<\/a><\/li>\n<li class=\"item86\"><a href=\"http:\/\/verlagsgeschichte.murrayhall.com\/?page_id=218\">Bermann-Fischer-Verlag<\/a><\/li>\n<li class=\"item87\"><a href=\"http:\/\/verlagsgeschichte.murrayhall.com\/?page_id=222\">Brenner-Verlag<\/a><\/li>\n<li class=\"item88\"><a href=\"http:\/\/verlagsgeschichte.murrayhall.com\/?page_id=228\">Burgverlag<\/a><\/li>\n<\/ul>\n<h4 style=\"padding-left: 30px;\">C<\/h4>\n<ul class=\"menu\">\n<li class=\"item89\"><a href=\"http:\/\/verlagsgeschichte.murrayhall.com\/?page_id=233\">Verlag Rudolf Cerny<\/a><\/li>\n<li class=\"item90\"><a href=\"http:\/\/verlagsgeschichte.murrayhall.com\/?page_id=239\">Otto Clauss Verlag<\/a><\/li>\n<\/ul>\n<h4 style=\"padding-left: 30px;\">D<\/h4>\n<ul class=\"menu\">\n<li class=\"item91\"><a href=\"http:\/\/verlagsgeschichte.murrayhall.com\/?page_id=243\">Deutsch-Akademischer Verlag<\/a><\/li>\n<li class=\"item91\"><a href=\"http:\/\/verlagsgeschichte.murrayhall.com\/?page_id=214\">Deutsche Verlage in \u00d6sterreich<\/a><\/li>\n<li class=\"item92\"><a href=\"http:\/\/verlagsgeschichte.murrayhall.com\/?page_id=249\">Deutsch-\u00d6sterreichischer Verlag<\/a><\/li>\n<li class=\"item93\"><a href=\"http:\/\/verlagsgeschichte.murrayhall.com\/?page_id=253\">Donau-Verlag<\/a><\/li>\n<\/ul>\n<h4 style=\"padding-left: 30px;\">E<\/h4>\n<ul class=\"menu\">\n<li class=\"item94\"><a href=\"http:\/\/verlagsgeschichte.murrayhall.com\/?page_id=257\">EOS-Verlag<\/a><\/li>\n<li class=\"item95\"><a href=\"http:\/\/verlagsgeschichte.murrayhall.com\/?page_id=262\">Verlag Dr. Hans Epstein \/ Verlag Dr. Rudolf Passer<\/a><\/li>\n<li class=\"item96\"><a href=\"http:\/\/verlagsgeschichte.murrayhall.com\/?page_id=266\">Europ\u00e4ischer Verlag<\/a><\/li>\n<\/ul>\n<h4 style=\"padding-left: 30px;\">F<\/h4>\n<ul class=\"menu\">\n<li class=\"item97\"><a href=\"http:\/\/verlagsgeschichte.murrayhall.com\/?page_id=271\">Verlag &#8222;Die Fackel&#8220;\u00a0(Jahoda &amp; Siegel)<\/a><\/li>\n<li class=\"item98\"><a href=\"http:\/\/verlagsgeschichte.murrayhall.com\/?page_id=276\">Fiba-Verlag<\/a><\/li>\n<li class=\"item99\"><a href=\"http:\/\/verlagsgeschichte.murrayhall.com\/?page_id=280\">Frisch &amp; Co Verlag<\/a><\/li>\n<\/ul>\n<h4 style=\"padding-left: 30px;\">G<\/h4>\n<ul class=\"menu\">\n<li class=\"item100\"><a href=\"http:\/\/verlagsgeschichte.murrayhall.com\/?page_id=284\">Genossenschaftsverlag<\/a><\/li>\n<li class=\"item101\"><a href=\"http:\/\/verlagsgeschichte.murrayhall.com\/?page_id=289\">S.L. Gerstel Verlag<\/a><\/li>\n<li class=\"item102\"><a href=\"http:\/\/verlagsgeschichte.murrayhall.com\/?page_id=295\">Gl\u00f6ckner-Verlag<\/a><\/li>\n<li class=\"item103\"><a href=\"http:\/\/verlagsgeschichte.murrayhall.com\/?page_id=299\">Gloriette Verlag<\/a><\/li>\n<li class=\"item104\"><a href=\"http:\/\/verlagsgeschichte.murrayhall.com\/?page_id=303\">Gsur-Verlag<\/a><\/li>\n<\/ul>\n<h4 style=\"padding-left: 30px;\">H<\/h4>\n<ul class=\"menu\">\n<li class=\"item105\"><a href=\"http:\/\/verlagsgeschichte.murrayhall.com\/?page_id=309\">Verlag Karl Harbauer<\/a><\/li>\n<li class=\"item106\"><a href=\"http:\/\/verlagsgeschichte.murrayhall.com\/?page_id=313\">Haybach-Verlag<\/a><\/li>\n<li class=\"item107\"><a href=\"http:\/\/verlagsgeschichte.murrayhall.com\/?page_id=318\">Verlag &#8222;Heros&#8220;<\/a><\/li>\n<li class=\"item108\"><a href=\"http:\/\/verlagsgeschichte.murrayhall.com\/?page_id=322\">Herz-Verlag<\/a><\/li>\n<li class=\"item109\"><a href=\"http:\/\/verlagsgeschichte.murrayhall.com\/?page_id=326\">Ralph A. H\u00f6ger-Verlag<\/a><\/li>\n<\/ul>\n<h4 style=\"padding-left: 30px;\">J<\/h4>\n<ul class=\"menu\">\n<li class=\"item110\"><a href=\"http:\/\/verlagsgeschichte.murrayhall.com\/?page_id=330\">Verlag der Johannes-Presse<\/a><\/li>\n<li class=\"item111\"><a href=\"http:\/\/verlagsgeschichte.murrayhall.com\/?page_id=335\">Jung-\u00d6sterreich-Verlag<\/a><\/li>\n<\/ul>\n<h4 style=\"padding-left: 30px;\">K<\/h4>\n<ul class=\"menu\">\n<li class=\"item112\"><a href=\"http:\/\/verlagsgeschichte.murrayhall.com\/?page_id=339\">Verlag Jos. A. Kienreich<\/a><\/li>\n<li class=\"item113\"><a href=\"http:\/\/verlagsgeschichte.murrayhall.com\/?page_id=344\">Verlag Paul Knepler<\/a><\/li>\n<li class=\"item114\"><a href=\"http:\/\/verlagsgeschichte.murrayhall.com\/?page_id=348\">Krystall-Verlag<\/a><\/li>\n<li class=\"item115\"><a href=\"http:\/\/verlagsgeschichte.murrayhall.com\/?page_id=352\">Kultur-Verlag<\/a><\/li>\n<\/ul>\n<h4 style=\"padding-left: 30px;\">L<\/h4>\n<ul class=\"menu\">\n<li class=\"item116\"><a href=\"http:\/\/verlagsgeschichte.murrayhall.com\/?page_id=357\">Richard Lanyi<\/a><\/li>\n<li class=\"item117\"><a href=\"http:\/\/verlagsgeschichte.murrayhall.com\/?page_id=362\">Leonhardt-Verlag<\/a><\/li>\n<li class=\"item118\"><a href=\"http:\/\/verlagsgeschichte.murrayhall.com\/?page_id=366\">Literaria A.G.<\/a><\/li>\n<li class=\"item119\"><a href=\"http:\/\/verlagsgeschichte.murrayhall.com\/?page_id=370\">Verlag Richard L\u00f6wit<\/a><\/li>\n<li class=\"item120\"><a href=\"http:\/\/verlagsgeschichte.murrayhall.com\/?page_id=375\">Adolf Luser Verlag<\/a><\/li>\n<li class=\"item121\"><a href=\"http:\/\/verlagsgeschichte.murrayhall.com\/?page_id=379\">Lyra-Verlag (H. Molitor)<\/a><\/li>\n<\/ul>\n<h4 style=\"padding-left: 30px;\">M<\/h4>\n<ul class=\"menu\">\n<li class=\"item122\"><a href=\"http:\/\/verlagsgeschichte.murrayhall.com\/?page_id=385\">Otto M\u00fcller Verlag<\/a><\/li>\n<li class=\"item123\"><a href=\"http:\/\/verlagsgeschichte.murrayhall.com\/?page_id=389\">Wilhelm M\u00fcller Verlag<\/a><\/li>\n<\/ul>\n<h4 style=\"padding-left: 30px;\">N<\/h4>\n<ul class=\"menu\">\n<li class=\"item124\"><a href=\"http:\/\/verlagsgeschichte.murrayhall.com\/?page_id=402\">Nestroy-Verlag<\/a><\/li>\n<li class=\"item125\"><a href=\"http:\/\/verlagsgeschichte.murrayhall.com\/?page_id=407\">Neuer Akademischer Verlag<\/a><\/li>\n<\/ul>\n<h4 style=\"padding-left: 30px;\">P<\/h4>\n<ul class=\"menu\">\n<li class=\"item126\"><a href=\"http:\/\/verlagsgeschichte.murrayhall.com\/?page_id=411\">Verlag Andreas Pichl \/ Stern im Osten-Verlag<\/a><\/li>\n<li class=\"item127\"><a href=\"http:\/\/verlagsgeschichte.murrayhall.com\/?page_id=417\">E. Prager Verlag<\/a><\/li>\n<li class=\"item128\"><a href=\"http:\/\/verlagsgeschichte.murrayhall.com\/?page_id=421\">Verlag Anton Pustet<\/a><\/li>\n<\/ul>\n<h4 style=\"padding-left: 30px;\">R<\/h4>\n<ul class=\"menu\">\n<li class=\"item129\"><a href=\"http:\/\/verlagsgeschichte.murrayhall.com\/?page_id=426\">Herbert Reichner Verlag<\/a><\/li>\n<li class=\"item130\"><a href=\"http:\/\/verlagsgeschichte.murrayhall.com\/?page_id=464\">Renaissance Verlag<\/a><\/li>\n<li class=\"item131\"><a href=\"http:\/\/verlagsgeschichte.murrayhall.com\/?page_id=472\">Der Rikola-Konzern<\/a><\/li>\n<\/ul>\n<h4 style=\"padding-left: 30px;\">S<\/h4>\n<ul class=\"menu\">\n<li class=\"item132\"><a href=\"http:\/\/verlagsgeschichte.murrayhall.com\/?page_id=562\">Saturn-Verlag \/ Phaidon-Verlag<\/a><\/li>\n<li class=\"item133\"><a href=\"http:\/\/verlagsgeschichte.murrayhall.com\/?page_id=571\">Leo Schidrowitz Verlag<\/a><\/li>\n<li class=\"item134\"><a href=\"http:\/\/verlagsgeschichte.murrayhall.com\/?page_id=577\">Verlag Karl Schusdek<\/a><\/li>\n<li class=\"item135\"><a href=\"http:\/\/verlagsgeschichte.murrayhall.com\/?page_id=581\">E.B. Seps Verlag<\/a><\/li>\n<li class=\"item136\"><a href=\"http:\/\/verlagsgeschichte.murrayhall.com\/?page_id=584\">Spiegel-Verlag<\/a><\/li>\n<li class=\"item137\"><a href=\"http:\/\/verlagsgeschichte.murrayhall.com\/?page_id=589\">Stein-Verlag<\/a><\/li>\n<li class=\"item138\"><a href=\"http:\/\/verlagsgeschichte.murrayhall.com\/?page_id=594\">Verlag Paul Stern<\/a><\/li>\n<li class=\"item139\"><a href=\"http:\/\/verlagsgeschichte.murrayhall.com\/?page_id=599\">Ed. Strache Verlag<\/a><\/li>\n<li class=\"item140\"><a href=\"http:\/\/verlagsgeschichte.murrayhall.com\/?page_id=602\">Leopold Stocker Verlag<\/a><\/li>\n<li class=\"item141\"><a href=\"http:\/\/verlagsgeschichte.murrayhall.com\/?page_id=608\">Strom-Verlag<\/a><\/li>\n<\/ul>\n<h4 style=\"padding-left: 30px;\">T<\/h4>\n<ul class=\"menu\">\n<li class=\"item142\"><a href=\"http:\/\/verlagsgeschichte.murrayhall.com\/?page_id=611\">Verlag der &#8222;Tagblatt-Bibliothek&#8220;<\/a><\/li>\n<li class=\"item143\"><a href=\"http:\/\/verlagsgeschichte.murrayhall.com\/?page_id=621\">E.P. Tal &amp; Co.<\/a><\/li>\n<li class=\"item144\"><a href=\"http:\/\/verlagsgeschichte.murrayhall.com\/?page_id=628\">Thomas-Verlag Jakob Hegner<\/a><\/li>\n<li class=\"item145\"><a href=\"http:\/\/verlagsgeschichte.murrayhall.com\/?page_id=631\">Verlagsanstalt Tyrolia<\/a><\/li>\n<\/ul>\n<h4 style=\"padding-left: 30px;\">W<\/h4>\n<ul class=\"menu\">\n<li class=\"item146\"><a href=\"http:\/\/verlagsgeschichte.murrayhall.com\/?page_id=640\">Verlag der Wiener Graphischen Werkst\u00e4tte<\/a><\/li>\n<li class=\"item147\"><a href=\"http:\/\/verlagsgeschichte.murrayhall.com\/?page_id=653\">Wiener Literarische Anstalt<\/a><\/li>\n<li class=\"item148\"><a href=\"http:\/\/verlagsgeschichte.murrayhall.com\/?page_id=662\">Verlag Der Wille<\/a><\/li>\n<li class=\"item149\"><a href=\"http:\/\/verlagsgeschichte.murrayhall.com\/?page_id=670\">Artur Wolf Verlag<\/a><\/li>\n<\/ul>\n<h4 style=\"padding-left: 30px;\">Z<\/h4>\n<ul class=\"menu\">\n<li class=\"item150\"><a href=\"http:\/\/verlagsgeschichte.murrayhall.com\/?page_id=676\">Verlagsanstalt Dr. Zahn und Dr. Diamant<\/a><\/li>\n<li class=\"item151\"><a href=\"http:\/\/verlagsgeschichte.murrayhall.com\/?page_id=686\">Paul Zsolnay Verlag<\/a><\/li>\n<\/ul>\n<h6><\/h6>\n<ul class=\"menu\">\n<li class=\"item152\"><a href=\"http:\/\/verlagsgeschichte.murrayhall.com\/?page_id=693\">Ehrendoktorate<\/a><\/li>\n<\/ul>\n","protected":false},"excerpt":{"rendered":"<p>\u00d6sterreichische Verlagsgeschichte 1918 \u2013 1938 Band 2: Belletristische Verlage der Ersten Republik Hinweise f\u00fcr den Ben\u00fctzer Abk\u00fcrzungen A Amalthea-Verlag Amonesta-Verlag Anzengruber-Verlag Br\u00fcder Suschitzky Atlantischer Verlag Augarten-Verlag Stephan Szabo Avalun-Verlag B C. Barth Verlag Bastei-Verlag Verlag &#8222;Das Bergland-Buch&#8220; Bermann-Fischer-Verlag Brenner-Verlag Burgverlag C Verlag Rudolf Cerny Otto Clauss Verlag D Deutsch-Akademischer Verlag\u2026<\/p>\n<p> <a class=\"continue-reading-link\" href=\"http:\/\/verlagsgeschichte.murrayhall.com\/?page_id=149\"><span>Continue reading<\/span><i class=\"crycon-right-dir\"><\/i><\/a> <\/p>\n","protected":false},"author":2,"featured_media":0,"parent":0,"menu_order":0,"comment_status":"closed","ping_status":"closed","template":"","meta":{"footnotes":""},"class_list":["post-149","page","type-page","status-publish","hentry"],"_links":{"self":[{"href":"http:\/\/verlagsgeschichte.murrayhall.com\/index.php?rest_route=\/wp\/v2\/pages\/149","targetHints":{"allow":["GET"]}}],"collection":[{"href":"http:\/\/verlagsgeschichte.murrayhall.com\/index.php?rest_route=\/wp\/v2\/pages"}],"about":[{"href":"http:\/\/verlagsgeschichte.murrayhall.com\/index.php?rest_route=\/wp\/v2\/types\/page"}],"author":[{"embeddable":true,"href":"http:\/\/verlagsgeschichte.murrayhall.com\/index.php?rest_route=\/wp\/v2\/users\/2"}],"replies":[{"embeddable":true,"href":"http:\/\/verlagsgeschichte.murrayhall.com\/index.php?rest_route=%2Fwp%2Fv2%2Fcomments&post=149"}],"version-history":[{"count":95,"href":"http:\/\/verlagsgeschichte.murrayhall.com\/index.php?rest_route=\/wp\/v2\/pages\/149\/revisions"}],"predecessor-version":[{"id":2695,"href":"http:\/\/verlagsgeschichte.murrayhall.com\/index.php?rest_route=\/wp\/v2\/pages\/149\/revisions\/2695"}],"wp:attachment":[{"href":"http:\/\/verlagsgeschichte.murrayhall.com\/index.php?rest_route=%2Fwp%2Fv2%2Fmedia&parent=149"}],"curies":[{"name":"wp","href":"https:\/\/api.w.org\/{rel}","templated":true}]}}